e units digit of 121308?
8
What is the ten thousands digit of 1449312?
4
What is the hundred thousands digit of 188734?
1
What is the thousands digit of 1632006?
2
What is the hundred thousands digit of 7477149?
4
What is the hundred thousands digit of 1640229?
6
What is the hundred thousands digit of 1229775?
2
What is the ten thousands digit of 5030547?
3
What is the units digit of 354315?
5
What is the tens digit of 909368?
6
What is the units digit of 9560079?
9
What is the millions digit of 4130577?
4
What is the units digit of 81205?
5
What is the tens digit of 832824?
2
What is the thousands digit of 3253717?
3
What is the hundreds digit of 1522618?
6
What is the hundreds digit of 126667?
6
What is the tens digit of 1209651?
5
What is the thousands digit of 666996?
6
What is the hundreds digit of 391328?
3
What is the ten thousands digit of 40712968?
1
What is the thousands digit of 7307552?
7
What is the hundreds digit of 3914170?
1
What is the hundreds digit of 2507424?
4
What is the thousands digit of 3208686?
8
What is the units digit of 3295228?
8
What is the units digit of 607303?
3
What is the units digit of 1448515?
5
What is the thousands digit of 1990629?
0
What is the hundreds digit of 2673813?
8
What is the hundred thousands digit of 4694416?
6
What is the tens digit of 779969?
6
What is the thousands digit of 4847715?
7
What is the hundred thousands digit of 128141?
1
What is the units digit of 54922?
2
What is the millions digit of 18355541?
8
What is the tens digit of 376689?
8
What is the millions digit of 8430403?
8
What is the thousands digit of 3599064?
9
What is the hundred thousands digit of 115299?
1
What is the units digit of 260874?
4
What is the ten thousands digit of 176499?
7
What is the ten thousands digit of 115938?
1
What is the hundreds digit of 743454?
4
What is the hundred thousands digit of 343468?
3
What is the tens digit of 9835799?
9
What is the units digit of 6009914?
4
What is the units digit of 1633782?
2
What is the thousands digit of 86232?
6
What is the ten thousands digit of 550850?
5
What is the units digit of 3014336?
6
What is the thousands digit of 296942?
6
What is the thousands digit of 168487?
8
What is the hundred thousands digit of 1532778?
5
What is the units digit of 490854?
4
What is the thousands digit of 308595?
8
What is the hundred thousands digit of 6108066?
1
What is the ten thousands digit of 445305?
4
What is the ten thousands digit of 15973236?
7
What is the hundreds digit of 155764?
7
What is the tens digit of 844655?
5
What is the thousands digit of 32385?
2
What is the units digit of 7075519?
9
What is the thousands digit of 468437?
8
What is the thousands digit of 2150654?
0
What is the hundreds digit of 660185?
1
What is the hundreds digit of 475038?
0
What is the tens digit of 5121391?
9
What is the units digit of 418263?
3
What is the thousands digit of 4035264?
5
What is the hundred thousands digit of 7783595?
7
What is the ten thousands digit of 98012?
9
What is the hundred thousands digit of 142224?
1
What is the tens digit of 222919?
1
What is the tens digit of 5960384?
8
What is the hundred thousands digit of 2471794?
4
What is the thousands digit of 108581?
8
What is the hundreds digit of 8387721?
7
What is the units digit of 10055297?
7
What is the units digit of 3667530?
0
What is the ten thousands digit of 1306294?
0
What is the units digit of 173632?
2
What is the units digit of 392618?
8
What is the tens digit of 102113?
1
What is the hundred thousands digit of 2912661?
9
What is the hundred thousands digit of 375094?
3
What is the tens digit of 9218686?
8
What is the ten thousands digit of 490641?
9
What is the ten thousands digit of 865360?
6
What is the tens digit of 456401?
0
What is the millions digit of 2463826?
2
What is the tens digit of 175463?
6
What is the thousands digit of 1492026?
2
What is the ten thousands digit of 154790?
5
What is the tens digit of 2334719?
1
What is the millions digit of 4154264?
4
What is the ten thousands digit of 2361925?
6
What is the hundreds digit of 851131?
1
What is the units digit of 727583?
3
What is the hundred thousands digit of 410838?
4
What is the hundreds digit of 1384129?
1
What is the tens digit of 6756147?
4
What is the ten thousands digit of 104104?
0
What is the thousands digit of 744598?
4
What is the hundred thousands digit of 698653?
6
What is the tens digit of 4002099?
9
What is the thousands digit of 5787362?
7
What is the ten thousands digit of 2593109?
9
What is the hundred thousands digit of 2436616?
4
What is the ten thousands digit of 284412?
8
What is the tens digit of 17664?
6
What is the tens digit of 7022660?
6
What is the units digit of 15943278?
8
What is the units digit of 12341604?
4
What is the tens digit of 1635463?
6
What is the hundreds digit of 1787972?
9
What is the hundreds digit of 4902173?
1
What is the thousands digit of 434378?
4
What is the tens digit of 6182241?
4
What is the millions digit of 15260671?
5
What is the millions digit of 1199790?
1
What is the ten millions digit of 10546803?
1
What is the tens digit of 5855779?
7
What is the millions digit of 2671647?
2
What is the hundred thousands digit of 236129?
2
What is the units digit of 25875?
5
What is the units digit of 486199?
9
What is the hundreds digit of 576069?
0
What is the tens digit of 951502?
0
What is the ten thousands digit of 57925?
5
What is the tens digit of 2371170?
7
What is the hundred thousands digit of 505224?
5
What is the hundreds digit of 677243?
2
What is the thousands digit of 4247936?
7
What is the units digit of 3464323?
3
What is the hundred thousands digit of 12053222?
0
What is the hundred thousands digit of 788124?
7
What is the units digit of 2911785?
5
What is the units digit of 305791?
1
What is the tens digit of 1402705?
0
What is the ten thousands digit of 1082479?
8
What is the millions digit of 3630957?
3
What is the hundred thousands digit of 696123?
6
What is the units digit of 201179?
9
What is the ten thousands digit of 6967405?
6
What is the hundreds digit of 58388?
3
What is the tens digit of 28584635?
3
What is the thousands digit of 16764001?
4
What is the hundreds digit of 966985?
9
What is the thousands digit of 519581?
9
What is the thousands digit of 294588?
4
What is the thousands digit of 673317?
3
What is the hundred thousands digit of 169858?
1
What is the ten thousands digit of 8783120?
8
What is the hundreds digit of 343783?
7
What is the ten thousands digit of 90950?
9
What is the ten thousands digit of 2860097?
6
What is the millions digit of 1536588?
1
What is the tens digit of 3446987?
8
What is the units digit of 1149054?
4
What is the millions digit of 2374849?
2
What is the ten thousands digit of 884641?
8
What is the hundreds digit of 22539710?
7
What is the ten thousands digit of 112731?
1
What is the units digit of 2557096?
6
What is the tens digit of 23783063?
6
What is the tens digit of 2155774?
7
What is the hundreds digit of 501718?
7
What is the thousands digit of 616777?
6
What is the thousands digit of 10460860?
0
What is the units digit of 2475896?
6
What is the ten thousands digit of 210807?
1
What is the units digit of 1103912?
2
What is the thousands digit of 1266978?
6
What is the ten thousands digit of 42377?
4
What is the ten thousands digit of 808001?
0
What is the thousands digit of 16331503?
1
What is the ten thousands digit of 3178867?
7
What is the hundred thousands digit of 391369?
3
What is the units digit of 2737908?
8
What is the tens digit of 11534747?
4
What is the hundreds digit of 14859818?
8
What is the hundred thousands digit of 465586?
4
What is the hundred thousands digit of 9193166?
1
What is the millions digit of 1578072?
1
What is the units digit of 35325988?
8
What is the units digit of 967724?
4
What is the ten thousands digit of 6065909?
6
What is the hundred thousands digit of 4562348?
5
What is the thousands digit of 3400256?
0
What is the hundred thousands digit of 754974?
7
What is the ten thousands digit of 20082177?
8
What is the hundred thousands digit of 161301?
1
What is the millions digit of 2179871?
2
What is the thousands digit of 2568421?
8
What is the hundreds digit of 313938?
9
What is the t